 8*n - 10. Let m = -34 - -39. Suppose -m*w + 2 = -8. List the prime factors of j(w).
2, 3
Let c(p) = -11*p**2 - 4*p**3 + 12*p**2 - 1 - p - 2*p. Suppose -20*z - 26 = -7*z. What are the prime factors of c(z)?
41
Let a = -3494 - -8124. What are the prime factors of a?
2, 5, 463
List the prime factors of (-2588 - 0)*87/(-58).
2, 3, 647
Let x(t) = t**2 - 19*t + 48. Let g be x(16). Suppose g = -2*q - 166 + 498. List the prime factors of q.
2, 83
Let f = 428 - 429. What are the prime factors of f - (97/(-4))/(5/60)?
2, 5, 29
List the prime factors of 23 + -26 + ((-564)/10)/((-2)/50).
3, 7, 67
Let o be (-3 + 6)*-1*63/(-27). What are the prime factors of (-1844)/(-12) - o/(-21)?
2, 7, 11
Suppose -68*m - 89697 + 18161 = -70*m. List the prime factors of m.
2, 17, 263
Suppose -3*v - 317 = 5*l - 8322, v = 5*l + 2675. Suppose -6*f - 4*w - 4005 = -9*f, -2*f - 4*w = -v. List the prime factors of f.
3, 5, 89
Suppose 0 = -2*u - 0*u - 102. Let d(p) = -p**3 - 11*p - 17. Let b be d(4). Let r = u - b. What are the prime factors of r?
2, 37
Let l be -3 - (-8)/3 - (-1355)/15. Let q = l - 87. What are the prime factors of (18/(-7))/(q/(-238))?
2, 3, 17
Suppose -2*g = -0*g + 3*d - 6215, 2*g - 5*d - 6239 = 0. What are the prime factors of g?
2, 389
Let d be (-2)/(-2)*(20 - 31)*-1. Suppose 9*o - 40 = -d*o. List the prime factors of o.
2
Let u = -1764 - -3332. Let t = u - 181. List the prime factors of t.
19, 73
Suppose -136*b = -145*b + 26145. List the prime factors of b.
5, 7, 83
Suppose 0 = i + 5, -5*n - 3*i = 2*i. Suppose -3*x - 4*q = -1873, 2*x + 3*x = -n*q + 3130. What are the prime factors of x?
631
Suppose 5*x - 23106 = 4*u, -228*x + 226*x + 9264 = 2*u. What are the prime factors of x?
2, 3, 257
Suppose 52*f = 2075923 + 1845729 - 1013916. What are the prime factors of f?
2, 73, 383
Let o(c) = 5*c + c**3 - 5*c**2 + 6*c**2 - 120 + 117. Suppose 28 - 8 = 5*u. List the prime factors of o(u).
97
Suppose 19*z - 2604 = -894. Suppose 10230 = z*q - 84*q. What are the prime factors of q?
5, 11, 31
List the prime factors of (-50743)/(-9) + 1096/1233.
5639
Suppose -3*h = -d - 28 - 27, -20 = 5*d. Let b(c) = 35*c + 160. List the prime factors of b(h).
5, 151
Let m(l) = -2*l**2 + 39*l + 115. Let j be m(22). Suppose -1968 = -3*u - j*c + 355, 0 = -c - 1. What are the prime factors of u?
2, 97
Let x = 1838 - -2768. Suppose -x = 5*p - 12*p. List the prime factors of p.
2, 7, 47
Let b = -17191 - -29182. List the prime factors of b.
3, 7, 571
Let z = -86 + 101. What are the prime factors of (-12)/2*(10 - z)?
2, 3, 5
Let w(n) = n**2 - 5*n - 12. Let s be w(7). Suppose 5*b - 36 + 9 = 2*m, s*b - 2*m = 12. List the prime factors of (b - 6)/(3/(-48)).
2
Let f(g) = -6*g - 12. Let j be f(-3). Suppose -1246 = -20*u + j*u. What are the prime factors of u?
89
Let j(g) be the second derivative of g**4/12 + 7*g**3/6 - g**2/2 - 10*g. Let z be j(-7). List the prime factors of z/(-2) + 21/(-24)*-4.
2
Let o(m) = 9*m**2 + 6*m + 40. Let s = -478 - -465. List the prime factors of o(s).
1483
Suppose 4*v = -p + 18327, -20 = -44*p + 48*p. What are the prime factors of v?
4583
Let q(i) = -i + 2. Let g be q(-3). Suppose -2*c = 5*v - 32, 0 = -g*v + 10. Let l = c + 33. List the prime factors of l.
2, 11
Suppose 18*z - 40501 - 62495 = 0. List the prime factors of z.
2, 2861
Suppose 3794 = 16*w - 161907 + 14949. List the prime factors of w.
2, 7, 673
Suppose 3*z = -4*t + 113981, 3*z - 3*t - 68110 - 45836 = 0. List the prime factors of z.
37987
Let i = 11 - 8. Suppose -i*q + q = -326. Suppose q = 4*g - m - 251, -2*g = -4*m - 214. What are the prime factors of g?
103
Let j be 12/8 + (-22755)/(-10). Suppose -10*k = -7*k - j. What are the prime factors of k?
3, 11, 23
Let n = 14935 + -6867. What are the prime factors of n?
2, 2017
Let x be 1/((4 + -9)/(-30)). List the prime factors of 8356/28 - x/14.
2, 149
Let u(n) = -2691*n - 2072. List the prime factors of u(-6).
2, 31, 227
Suppose 2*n + 4*v = 7*v + 13894, 0 = -3*n + v + 20855. List the prime factors of n.
17, 409
Let u be 17/3 + (4 - (-28)/(-6)). Let v = -51 - -42. List the prime factors of 20/(v/u - -2).
2, 5
Suppose h = 11*k - 10*k + 164, -328 = -2*h + k. Suppose 5*v = -3*g + 671, -5*v + h = -5*g - 531. What are the prime factors of v?
2, 17
List the prime factors of ((-299186)/30 - 18/135)*-3.
3, 9973
Let v(y) = -y**3 + 3*y**2 + 9*y + 3. Let w be v(5). List the prime factors of (-1192)/(-20)*(-2 + (-9)/w).
149
Suppose -7*x + 16 = -3*x. Suppose 0 = -x*k + 3*v, -6*k + 4*k + 3*v = 0. Suppose 0 = 3*p + 2*w - 30, 10 = p - k*p + 2*w. What are the prime factors of p?
2, 5
Let s(o) be the third derivative of -35*o**4/24 - 11*o**3/6 - 36*o**2 - 2*o. What are the prime factors of s(-8)?
269
Let l(u) = 16*u**2 + 49*u - 50. List the prime factors of l(-34).
2, 5, 839
Let g = 23 - -250. Let o be 375/(-3) - (20/(-30))/((-4)/(-30)). Let d = g + o. List the prime factors of d.
3, 17
Suppose -40366*j = -40380*j + 376404. What are the prime factors of j?
2, 3, 4481
Suppose 832549 = -101*v + 204*v. What are the prime factors of v?
59, 137
Let c = -72 - -584. Let y = 912 - c. Suppose -224 - y = -4*d. List the prime factors of d.
2, 3, 13
Suppose -16301 - 15835 = -17*x - 2505. What are the prime factors of x?
3, 7, 83
Suppose 4*l = 2*d + 70, 37 = 3*l - 3*d - 20. Let s be (688/l)/(0 - -1). Let u = s + -24. What are the prime factors of u?
19
Let l(i) = -5*i - 23. Let g be l(-6). Suppose 4*t - g = 1. Suppose -t*w + 5*o + 26 = -w, -w = 4*o - 53. What are the prime factors of w?
41
Suppose -y - 94 = -4*m, 0 = 8*m - 13*m - 5*y + 130. Suppose 5*u - 4*p - 36 = u, -4*p - m = -3*u. List the prime factors of u.
2, 3
Suppose 464*a = 445*a + 345857. What are the prime factors of a?
109, 167
Suppose 1216150 = 64*n + 88*n - 127*n. List the prime factors of n.
2, 13, 1871
List the prime factors of (89*6/(-5))/((-741)/427310).
2, 89, 173
Suppose -3*s + 3*j = -2395 - 758, 0 = 4*j - 8. List the prime factors of s.
3, 13
Let t(w) = -7*w**3 - w - 1. Let g be t(-1). Let v(j) = -11*j**2 + 31*j - 41. Let l(b) = b**2 - 3*b. Let r(m) = -7*l(m) - v(m). List the prime factors of r(g).
167
Let u be (-2)/(4 - 35/45 - 3). What are the prime factors of (u - (-498)/54) + 1699/9?
3, 7
Let b(p) = 276*p + 266. List the prime factors of b(9).
2, 5, 11
Let q(v) = 285*v**2 + 103*v + 1089. List the prime factors of q(-12).
3, 43, 317
Let x(n) = -400*n + 1108. List the prime factors of x(-9).
2, 11, 107
Let p be 1*1197/(-9)*(1 - 0). Let a = p - -69. Let s = 301 + a. What are the prime factors of s?
3, 79
Suppose 0 = -g - 2*m + 16234, 2*g - 33743 = -2*m - 1291. List the prime factors of g.
2, 3, 17, 53
Suppose 0 = -7*v + 5*v + 5*l + 275, 4*v + 2*l - 562 = 0. Suppose -4*t + 1855 = 3*s, -2*t + v = 5*s - 791. List the prime factors of t.
463
Suppose -201*b = -247*b + 94162. List the prime factors of b.
23, 89
Let x(t) = t - 8*t - t**2 - 3*t - 13*t - 20. List the prime factors of x(-13).
2, 5, 11
List the prime factors of (-2 + 48783/2)/((-6 + 10)/8).
48779
Let p(l) = 1095*l + 19056. What are the prime factors of p(64)?
2, 3, 619
Let c = -28 + 30. Suppose 7*u = 9*u - r + 8, c*r - 22 = 5*u. Let b(a) = 11*a**2 + 48*a + 9. What are the prime factors of b(u)?
3, 13
Suppose -14*y + 79255 = -11*y + 8*g, 0 = -3*g - 21. List the prime factors of y.
26437
Let g(b) be the second derivative of 7*b**4/3 + 13*b**3/2 - 27*b**2/2 + 57*b. What are the prime factors of g(6)?
3, 5
Suppose -2100 - 276 = -8*u. Let h be u/(-36)*4*-3. Suppose 3*f - 72 = h. List the prime factors of f.
3, 19
List the prime factors of -46*((-324)/243)/(4/4506).
2, 23, 751
Let d(u) = -4*u + 45. Let m(j) = -2*j**3 + 7*j**2 - 10*j - 4. Let l be m(3). List the prime factors of d(l).
5, 29
Let y(n) be the second derivative of n**5/20 - n**4/2 - 17*n**3/6 + 19*n**2/2 - 19*n. List the prime factors of y(13).
3, 109
Suppose 3*q + 72242 + 344219 = 26*q. List the prime factors of q.
19, 953
Let u = 41382 - 18664. List the prime factors of u.
2, 37, 307
Let x(w) = -w**3 - 9*w**2 - 10*w + 30. Let z be x(-7). Suppose -z*r + 61 = -419. What are the prime factors of r?
2, 3, 5
Suppose 339 + 267 = 2*y. Let j = y - 217. List the prime factors of j.
2, 43
Let a = -5 - -15. Suppose 5*w - 2 = -4*v + 5*v, -4*w = 5*v + a. Let k = 78 - v. What are the prime factors of k?
2, 5
Let m =